ands digit of 2564687779?
6
What is the millions digit of 1763262429?
3
What is the tens digit of 41654846?
4
What is the tens digit of 125903619?
1
What is the ten millions digit of 231763709?
3
What is the tens digit of 2011930583?
8
What is the hundred thousands digit of 35822257?
8
What is the tens digit of 123696289?
8
What is the millions digit of 226490120?
6
What is the ten millions digit of 508511193?
0
What is the ten thousands digit of 240799765?
9
What is the hundred thousands digit of 142505840?
5
What is the hundred thousands digit of 30392025?
3
What is the tens digit of 15206075?
7
What is the ten millions digit of 3468788386?
6
What is the ten thousands digit of 677383579?
8
What is the ten millions digit of 913371257?
1
What is the units digit of 579023563?
3
What is the hundred thousands digit of 50879684?
8
What is the ten millions digit of 550203917?
5
What is the hundreds digit of 221986312?
3
What is the ten millions digit of 4361335430?
6
What is the hundred thousands digit of 51144185?
1
What is the ten millions digit of 45772765?
4
What is the ten thousands digit of 66469989?
6
What is the ten millions digit of 231624925?
3
What is the hundred thousands digit of 149698395?
6
What is the thousands digit of 244309645?
9
What is the billions digit of 8570626126?
8
What is the hundreds digit of 8250163?
1
What is the units digit of 157225273?
3
What is the units digit of 129640933?
3
What is the hundreds digit of 87448264?
2
What is the tens digit of 315040160?
6
What is the hundred thousands digit of 4802867522?
8
What is the billions digit of 1940072252?
1
What is the tens digit of 76596870?
7
What is the millions digit of 1997592799?
7
What is the thousands digit of 81210064?
0
What is the ten millions digit of 831320801?
3
What is the hundreds digit of 45120193?
1
What is the tens digit of 506490416?
1
What is the millions digit of 152215081?
2
What is the units digit of 21161823?
3
What is the hundred millions digit of 414481346?
4
What is the ten millions digit of 1825852317?
2
What is the billions digit of 3894844787?
3
What is the hundreds digit of 491119524?
5
What is the hundreds digit of 520331677?
6
What is the hundred thousands digit of 1233178202?
1
What is the hundreds digit of 46386066?
0
What is the ten thousands digit of 2872009453?
0
What is the millions digit of 78799280?
8
What is the tens digit of 660022070?
7
What is the hundreds digit of 45860979?
9
What is the hundreds digit of 273479661?
6
What is the thousands digit of 52929342?
9
What is the ten millions digit of 773642378?
7
What is the hundreds digit of 347064450?
4
What is the units digit of 3964238411?
1
What is the units digit of 12091221?
1
What is the millions digit of 6817643?
6
What is the hundred thousands digit of 124647377?
6
What is the ten millions digit of 34252780?
3
What is the millions digit of 239326476?
9
What is the ten thousands digit of 166957899?
5
What is the ten millions digit of 13804015?
1
What is the tens digit of 4142770445?
4
What is the ten millions digit of 161620646?
6
What is the ten millions digit of 1098993852?
9
What is the millions digit of 1045145154?
5
What is the millions digit of 54536834?
4
What is the tens digit of 145988678?
7
What is the tens digit of 646701589?
8
What is the ten thousands digit of 6510491467?
9
What is the hundred millions digit of 1563223647?
5
What is the ten thousands digit of 102805081?
0
What is the tens digit of 10077534?
3
What is the ten millions digit of 245380783?
4
What is the hundreds digit of 163485242?
2
What is the ten thousands digit of 75734647?
3
What is the hundred thousands digit of 1779480046?
4
What is the millions digit of 89530900?
9
What is the tens digit of 78198142?
4
What is the units digit of 65047931?
1
What is the thousands digit of 2617023322?
3
What is the hundred thousands digit of 17975761?
9
What is the units digit of 697084953?
3
What is the units digit of 46278890?
0
What is the ten millions digit of 100040835?
0
What is the units digit of 703501387?
7
What is the thousands digit of 297326061?
6
What is the units digit of 11956249?
9
What is the hundreds digit of 1378608?
6
What is the hundred thousands digit of 585618244?
6
What is the tens digit of 140836200?
0
What is the hundreds digit of 11182432?
4
What is the units digit of 72436881?
1
What is the ten thousands digit of 86788859?
8
What is the hundred thousands digit of 1207702067?
7
What is the ten thousands digit of 725676429?
7
What is the hundred thousands digit of 1782537?
7
What is the tens digit of 95534397?
9
What is the millions digit of 389282100?
9
What is the hundred thousands digit of 88341345?
3
What is the billions digit of 5486215424?
5
What is the ten thousands digit of 1795889084?
8
What is the thousands digit of 1053588325?
8
What is the tens digit of 2963597306?
0
What is the hundred thousands digit of 446481957?
4
What is the ten millions digit of 14017263?
1
What is the ten thousands digit of 3864927427?
2
What is the hundreds digit of 170359629?
6
What is the ten thousands digit of 34376950?
7
What is the hundreds digit of 7969392?
3
What is the hundreds digit of 179969979?
9
What is the units digit of 69222538?
8
What is the units digit of 6029234598?
8
What is the thousands digit of 33925911?
5
What is the ten millions digit of 289633210?
8
What is the tens digit of 1524612947?
4
What is the units digit of 585887687?
7
What is the tens digit of 1674933067?
6
What is the hundreds digit of 32260396?
3
What is the millions digit of 313597120?
3
What is the hundreds digit of 365747504?
5
What is the thousands digit of 56331716?
1
What is the ten thousands digit of 37853603?
5
What is the ten thousands digit of 76260076?
6
What is the thousands digit of 675233644?
3
What is the ten thousands digit of 256951455?
5
What is the ten millions digit of 60037200?
6
What is the ten thousands digit of 516984347?
8
What is the units digit of 155954063?
3
What is the millions digit of 65885580?
5
What is the hundred millions digit of 1896898044?
8
What is the ten thousands digit of 76119?
7
What is the ten millions digit of 1340120827?
4
What is the millions digit of 155541449?
5
What is the hundred thousands digit of 1186545174?
5
What is the units digit of 62919539?
9
What is the millions digit of 86886137?
6
What is the thousands digit of 61860655?
0
What is the ten thousands digit of 82810554?
1
What is the hundred millions digit of 658498995?
6
What is the hundreds digit of 169555906?
9
What is the ten millions digit of 122622595?
2
What is the tens digit of 60482395?
9
What is the tens digit of 236825702?
0
What is the ten millions digit of 110876907?
1
What is the tens digit of 7951432926?
2
What is the thousands digit of 220865763?
5
What is the units digit of 14734326?
6
What is the ten millions digit of 10382470?
1
What is the billions digit of 3282002181?
3
What is the hundreds digit of 303623085?
0
What is the thousands digit of 206619859?
9
What is the hundred thousands digit of 62385013?
3
What is the millions digit of 55868845?
5
What is the ten millions digit of 203875559?
0
What is the hundred millions digit of 111594893?
1
What is the ten millions digit of 2403798434?
0
What is the hundreds digit of 1103875424?
4
What is the ten thousands digit of 9750170?
5
What is the hundred millions digit of 184399945?
1
What is the units digit of 50077596?
6
What is the ten thousands digit of 597372995?
7
What is the ten millions digit of 408555418?
0
What is the hundreds digit of 1360840654?
6
What is the ten thousands digit of 288305039?
0
What is the tens digit of 365176176?
7
What is the tens digit of 3268935374?
7
What is the hundred millions digit of 2622025305?
6
What is the hundred thousands digit of 68224645?
2
What is the ten thousands digit of 114446964?
4
What is the tens digit of 106659620?
2
What is the millions digit of 35092249?
5
What is the hundred thousands digit of 17748944?
7
What is the tens digit of 111429591?
9
What is the thousands digit of 1266218368?
8
What is the units digit of 43583325?
5
What is the thousands digit of 28177432?
7
What is the ten thousands digit of 255479192?
7
What is the ten thousands digit of 115960782?
6
What is the t